 value of -24 - -20 - (-1 + 1)?
-4
Evaluate 3 - 9 - (-1 + -13 - -1).
7
What is the value of (-8 - -1) + -1 + 3 + 2?
-3
What is the value of -1 + -2 - (-120 + 115)?
2
Evaluate 7 - (2 + 3) - (6 - -1).
-5
5 - (5 - (-11 - (-6 - 0)))
-5
What is (13 - 25) + 10 + 6?
4
1 + 9 + -5 + -7
-2
1 - ((5 - -3) + -3) - -5
1
What is the value of 1 - (-7 - (1 - 16 - -7))?
0
Evaluate 3 + (0 - (-1 + 5)).
-1
What is 1 - 4 - (72 + -83)?
8
What is -4 + (-1 - -9) - 1?
3
What is the value of 0 + (2 - -5) + -10?
-3
Calculate -8 + 2 + 2 - (2 + -6).
0
Evaluate 3 - (1 - 2 - 0).
4
What is the value of 1 + 0 - (15 - 15)?
1
What is 8 + (-2 - 14) - (3 - 3)?
-8
-15 - -11 - (-1 + 1)
-4
(6 - -13) + (-4 - 9)
6
Evaluate (2 + -4 - -5) + -3.
0
Calculate (-2 - -4) + -2 + 0.
0
What is the value of (-3 - 1) + 0 + 3?
-1
Evaluate 4 + -4 + 1 + (1 - -3).
5
Evaluate -1 - (4 + 0 + -2) - -2.
-1
What is -9 + 18 + -16 + 3?
-4
Evaluate (13 - 2) + 1 + -7.
5
What is (-2 - 3) + 0 + 3?
-2
What is 7 + (-6 - 1) + -6?
-6
What is the value of -2 + 0 + -2 + -1?
-5
Evaluate (4 - 7) + -1 + -1 - -5.
0
1 - -7 - (6 + 2)
0
Calculate 2 + -3 - (-3 + 4 - 4).
2
Calculate 1 - 2 - (1 - 7) - 6.
-1
2 - (3 + (-1 - -2))
-2
What is 0 + (1 + -2 - (1 + -2))?
0
Evaluate (0 - 19) + -59 + 74.
-4
-12 + (1 - (-9 - -6))
-8
Evaluate -8 - -1 - (3 + 0 + -8).
-2
Evaluate -2 + -1 + 0 - (-1 + -7).
5
What is the value of -7 - (-4 + (7 - 3))?
-7
What is the value of 4 - 0 - (1 + 3)?
0
What is the value of 3 - (1 - 1 - (-3 - 1))?
-1
What is the value of -16 - (5 - (18 - 2))?
-5
What is 1 + -7 + (-3 - -4) + 2?
-3
What is -3 + 1 + (-93 - -96)?
1
Calculate -2 - -3 - -1 - (1 + 0).
1
Evaluate (4 - 0) + -2 + 6.
8
What is the value of 35 + -26 + (-1 - (3 + -2))?
7
What is the value of 65 + -64 - (14 + -3)?
-10
-5 - (-5 + -6 + 7 - 4)
3
What is the value of (-6 + 4 - 3) + (4 - -2)?
1
What is the value of 5 - (4 + -4 + 7)?
-2
Calculate 6 - (7 + 5 + -5).
-1
What is 12 + (-9 - -3 - 1)?
5
Evaluate 5 + (-3 - -3) + 2 + -2.
5
Calculate -2 - (-2 - 3 - -3).
0
What is (-7 - 2 - -7) + (1 - 4)?
-5
Calculate (21 - (-3 - -13)) + -11.
0
Calculate -10 + 3 + (6 - 2).
-3
Evaluate -1 + 0 + 12 + -10 + -4.
-3
Calculate (0 - -6) + (-4 - 3) + 4.
3
Evaluate -20 + 7 + 15 + -5.
-3
Calculate 0 - (-2 + 0) - 7 - -6.
1
-6 + 4 + -1 - (2 - 4)
-1
Evaluate (11 + -9 - (0 + 1)) + 2.
3
3 - (2 - (1 - 3))
-1
Calculate -8 + 19 + -3 - 10.
-2
Evaluate -8 + 13 - (7 - (-4 + 8)).
2
Evaluate 0 - ((4 - 4) + (-1 - 1)).
2
What is (14 - 31) + -3 - -12?
-8
-12 + 9 + -18 + 16
-5
What is 11 + -14 - (2 + -3)?
-2
What is the value of (1 - -8 - 3 - 4) + -2?
0
Evaluate -1 + -2 + (4 - (-14 - -23)).
-8
What is the value of -1 + (4 - -8 - -5) - 7?
9
Calculate -2 + 1 + 0 + 5 + -2.
2
What is the value of (-1 - (3 - 4)) + 2 - 3?
-1
What is (6 - (3 + 1)) + -3 - -6?
5
What is 5 + (7 + -4 - 5)?
3
1 + 12 + 1 + -7 - 15
-8
-3 + 1 + 5 + -12 + 4
-5
What is -11 - (-19 + (8 - -1))?
-1
What is -4 - (-4 - (1 + -5))?
-4
What is 16 + -5 + (1 - 2) + 0?
10
Calculate (-1 - -2) + -54 + 54 + 4.
5
Calculate 7 - (-2 - -7) - (0 + 3).
-1
10 + -11 - (4 - 0)
-5
What is 7 + (-1 - -3) + -7 + 3?
5
What is -8 - (8 - (6 - 0) - 3)?
-7
Calculate 11 + (2 - 6) + -1 + -12.
-6
What is -3 + (-2 - -3) - 0?
-2
2 + (-2 - 0) + (-8 - -8)
0
Calculate 6 - (-1 + 7 + 3 + -7).
4
8 + (5 - (2 - -15 - 8))
4
Evaluate 2 + 5 + -10 - (-2 + 3).
-4
(0 - 1 - (15 - 10)) + 5
-1
What is 2 - 7 - (-1 - 2)?
-2
Evaluate -7 + 13 + (-1 - 14).
-9
What is the value of 1 + 6 - (1 - (-5 + 7))?
8
Evaluate 2 + (-3 - -3 - -3 - 1).
4
What is (2 - (-11 + 2)) + -7?
4
What is 1 - (-2 - 0) - (-4 - -7)?
0
3 + -1 - (0 + 0 - 2)
4
What is the value of (3 - -1) + (4 - 10)?
-2
(5 - 3 - 6) + 2 + 1
-1
What is 6 + -2 + 2 - (3 - -6)?
-3
What is the value of 1 + (5 - 0) + 2 + -8?
0
Calculate (-1 - 0) + (42 - 34).
7
-6 + (1 - -9) + -9
-5
6 + -12 + 5 + -4 + 0
-5
Calculate -17 + 17 - (-7 + (3 - 1)).
5
Evaluate -51 + 50 + (-1 - (-9 - -2)).
5
What is the value of 4 - (-2 - -8) - (-6 + 0)?
4
What is 5 - (3 - (1 + 0 - 3))?
0
(-3 - (-10 - (-5 - -5))) + -7
0
What is 10 + (-24 - -11) - -12?
9
Evaluate -2 + 3 + 0 + -2 + 0.
-1
Evaluate 18 - 12 - 3 - (-1 - 3).
7
-2 + 3 + 0 - (13 + -13)
1
Calculate 2 + -7 - (-1 - 3).
-1
What is -101 + 110 + -11 + -2?
-4
Evaluate 3 + -3 + 1 + 0.
1
-5 - (3 + -2) - (-2 + -2)
-2
What is the value of 1 - -1 - (-6 - (-5 + 2))?
5
What is -2 + 14 + -4 - 10?
-2
Calculate 24 - 26 - (-7 + 1).
4
3 - ((8 - 5) + -7 + 2)
5
10 - 20 - (4 - 15)
1
Calculate (-8 - (4 - 11)) + 4.
3
What is 2 - (-3 + -4 + 14)?
-5
Evaluate -10 - -6 - (-6 - -2).
0
Calculate -1 - -1 - (-25 - -24).
1
What is -12 + 0 + (-3 - -8) + 3?
-4
What is the value of (11 - 9) + 17 - 12?
7
2 + 0 + 2 + -8 + 6
2
What is (16 - 3) + (-5 - 2)?
6
What is the value of 1 + -4 + (0 - -9)?
6
-10 + 17 - (6 - 0)
1
What is -2 + (-3 - -7 - 1)?
1
-5 - (12 + -8 + -16)
7
Calculate -3 + (-9 - -6) - -7.
1
Calculate (15 - -4) + 11 + -19.
11
Calculate 1 - 3 - (1 + 3 - -1).
-7
-28 + (-10 - -26) + 7 + -1
-6
-6 + (-4 - -8) + -4
-6
Calculate 2 + -3 + 0 - 1.
-2
Evaluate -1 - ((1 + -1 - 1) + 0).
0
Calculate 0 + -13 + 6 + 5 - -12.
10
What is the value of (2 - 4) + -1 - -3?
0
Evaluate -2 + (0 - (7 + -14)).
5
What is the value of 5 + (-4 - (-1 - -1)) + 0?
1
What is the value of -1 + -1 - (-2 - -9 - 5)?
-4
Evaluate -1 - (4 + (-1 - 0)).
-4
What is the value of (-15 - (-19 - -8)) + 4?
0
What is (6 - 7 - (-3 + 2)) + 8?
8
What is the value of -6 + 14 + -3 + -2 + -10?
-7
What is 5 - 2 - (7 - (-3 - -7))?
0
What is 4 - (12 + -2) - -5?
-1
Calculate -17 - (-2 - 6) - -16.
7
Evaluate 0 - 2 - (3 + -2).
-3
3 - (-2 + 5 + 2)
-2
What is the value of (-5 - -1) + (-1 - -2 - 0)?
-3
Calculate 10 + (-4 - -2 - 2) + 0.
6
(-10 - -7) + 6 + 1
4
2 - 10 - -10 - -5
7
Calculate (-10 - -8) + 3 + -5 - -5.
1
What is the value of 72 + -70 - (1 - 3)?
4
4 + (-7 - -1) + 7
5
What is the value of 4 + -4 + 5 + -2?
3
Calculate 0 + 5 - (4 + 1).
0
Evaluate -1 + -4 + 0 - -2.
-3
What is the value of -5 + (1 - 4) + 5?
-3
(-6 - -4 - -3) + 2
3
Calculate -3 + 0 - (5 + -14) - 2.
4
(-5 - -1 - (1 - 0)) + -2
-7
Calculate (14 - 19) + -3 + 8 + 1.
1
What is the value of (5 - (8 - 3)) + -2 - 1?
-3
What is -8 + (-4 - (3 + -3 - 4))?
-8
What is 8 + (2 - 10) + 4?
4
Evaluate 11 + (4 - 5) - 4.
6
What is (0 - -7) + -4 + -4 - -1?
0
What is the value of 1 - (1 + 2 + 0) - -3?
1
Calculate 5 + -2 + 3 + -5.
1
What is -10 + 13 + (-5 - 3)?
-5
-1 + 1 - (2 + 1) - -8
5
Evaluate -7 - (-7 + 1 + 1).
-2
-1 - (1 - (-1 + -2 + 7))
2
Calculate 1 - 7 - (17 + -21).
-2
What is -7 + 13 - 14 - -4 - -7?
3
What is 2 + 2 + -1 + -1?
2
3 - -10 - (-19 - -24)
8
Evaluate -1 + 1 - -2 - 2.
0
Evaluate 6 + 3 + -6 - 5.
-2
(-6 + 18 - 15) + -2 + -1
-6
Evaluate (-1 - (11 - 10)) + (-1 - 2).
-5
Evaluate 0 + -3 + 54 + -46.
5
What is (1 - 3) + 6 - 3?
1
Calculate 71 + -60 + (-18 - 1).
-8
Evaluate 0 - (4 - 11 - (-4 + 1)).
4
Evaluate -1 + -3 + (-20 - -20).
-4
What is the value of (-5 - (-10 - 9)) + -6?
8
What is (15 - 8) + -4 + -1?
2
(0 - (-4 - -1)) + -12
-9
What is the value of -8 - (-8 - (-4 + 3))?
-1
What is -1 - 4 - (-12 + 2)?
5
What is the value of (-6 - 0) + 2 - -6?
2
What is the value of 0 + -2 - (-1 - 2)?
1
Calculate -5 + 0 + (13 - 7) + -7.
-6
What is 3 + 0 - (2 + 0 - -5)?
-4
What is the value of (-2 + 2 - -3 - 7) + 4?
0
Calculate -5 + 0 + 1 + (6 - 2).
0
What is the value of (-1 - (-8 - 5)) + (-2 - 1)?
9
Calculate 2 - (1 + -3 + 2 - -3).
-1
What is the value of (-3 - -3) + -5 + 1?
-4
What is the value of 2 - (8 - 0 - 4)?
-2
Calculate -7 + (21 - 18) + (1 - 1).
-4
5 + (-2 - 5) + 6
4
Calculate 3 + (-1 - (6 + -7 + 4)).
-1
Calculate 11 - 6 - (7 + -4 + -3).
5
What is (-11 - (-1 + -10)) + 5 + 1?
6
Calculate 3 + 2 + (5 - 11) - 3.
-4
-11 + 8 - (4 + (-5 - 0))
-2
Calculate 3 + 3 + -3 - (7 + 1).
-5
Evaluate -2 + 6 + (7 - 6).
5
1 + -11 + 4 - (-1 - 2)
-3
What is the value of 11 + 1 - (-4 + 11)?
5
What is the value of -162 + 165 - (1 - (-4 - -1))?
-1
-4 + 5 - (12 + -11)
0
Evaluate (2 + -11 - -3) + 4 + -1.
-3
Evaluate 2 + -7 + 4 + (16 - 11).
4
Calculate (-5 - (-1 + 0)) + (31 - 33).
-6
Calculate 6 + (-12 - (6 + -9)).
-3
What is the value of 3 - (-1 + 8) - -8?
4
What is (180 - 175) + (-1 - 11)?
-7
-22 + 30 + 3 + 1 + -9
3
Calculate 3 + -2 - (10 - 16).
7
Calculate 5 + -1 + -5 + -25 + 27.
1
What is the value of 2 + -2 + 13 + -7 + 1?
7
83 + -79 + -5 + 0 + -1
-2
4 + -3 + 1 + -5 + 1